actors of 17957578.
2, 857, 10477
What are the prime factors of 1013412060?
2, 3, 5, 7723
What are the prime factors of 1284126343?
19, 67585597
What are the prime factors of 209584743?
3, 41, 1703941
What are the prime factors of 23736277?
37, 641521
List the prime factors of 217640558.
2, 61, 463, 3853
List the prime factors of 470834510.
2, 5, 31, 53, 28657
What are the prime factors of 377538439?
377538439
What are the prime factors of 394542748?
2, 79, 1248553
List the prime factors of 3515812.
2, 878953
What are the prime factors of 241279361?
23, 1907, 5501
List the prime factors of 41229393.
3, 13743131
List the prime factors of 970694222.
2, 227, 2138093
What are the prime factors of 1035246964?
2, 258811741
List the prime factors of 92089890.
2, 3, 5, 1023221
What are the prime factors of 64914961?
31, 2094031
What are the prime factors of 916255845?
3, 5, 20361241
List the prime factors of 212357480.
2, 5, 599, 8863
List the prime factors of 4335999700.
2, 5, 241, 179917
What are the prime factors of 126416478?
2, 3, 3389, 6217
List the prime factors of 44533505.
5, 8906701
What are the prime factors of 12967754?
2, 83, 191, 409
List the prime factors of 1210532662.
2, 523, 811, 1427
What are the prime factors of 180094658?
2, 90047329
List the prime factors of 36590579.
17, 126611
What are the prime factors of 84919623?
3, 28306541
What are the prime factors of 895882610?
2, 5, 7, 12798323
List the prime factors of 36316960.
2, 5, 61
List the prime factors of 98499892.
2, 23, 29, 36919
List the prime factors of 137903721.
3, 53, 867319
What are the prime factors of 2410869825?
3, 5, 7, 13, 89
What are the prime factors of 2514961770?
2, 3, 5, 193, 434363
List the prime factors of 61268760.
2, 3, 5, 7, 41, 593
List the prime factors of 213944239.
73, 2930743
List the prime factors of 201323149.
201323149
What are the prime factors of 252812264?
2, 97, 103, 3163
List the prime factors of 132573286.
2, 3191, 20773
List the prime factors of 6692655.
3, 5, 19, 23, 1021
List the prime factors of 91873938.
2, 3, 13, 97, 12143
List the prime factors of 26509541.
19, 541, 2579
List the prime factors of 23515109.
43, 546863
What are the prime factors of 191608083?
3, 547, 38921
What are the prime factors of 896225977?
896225977
What are the prime factors of 164160388?
2, 7, 83, 10091
List the prime factors of 523731035.
5, 104746207
What are the prime factors of 1284100068?
2, 3, 587, 182297
List the prime factors of 1009145876.
2, 252286469
List the prime factors of 279671708.
2, 29, 31, 77773
What are the prime factors of 30475983?
3, 571, 17791
What are the prime factors of 496343213?
19, 199, 251, 523
List the prime factors of 221079719.
7, 607, 7433
What are the prime factors of 6729209?
6729209
List the prime factors of 17170582.
2, 11, 13, 60037
List the prime factors of 2289975222.
2, 3, 101, 3778837
What are the prime factors of 200481046?
2, 19, 1129, 4673
What are the prime factors of 84446141?
13, 311, 20887
What are the prime factors of 1505262646?
2, 23, 53, 509, 1213
List the prime factors of 30843886.
2, 15421943
What are the prime factors of 2728816541?
11, 41, 6050591
What are the prime factors of 137264380?
2, 5, 11, 623929
What are the prime factors of 391004223?
3, 130334741
What are the prime factors of 109364099?
13, 8412623
What are the prime factors of 210549096?
2, 3, 47, 62219
List the prime factors of 5168151518.
2, 8297, 311447
List the prime factors of 40005712.
2, 2500357
List the prime factors of 93400589.
179, 521791
List the prime factors of 723579774.
2, 3, 19, 193, 32887
What are the prime factors of 86963924?
2, 29, 71, 10559
List the prime factors of 286658252.
2, 137, 631, 829
List the prime factors of 598802908.
2, 11, 13609157
List the prime factors of 1720749078.
2, 3, 17, 1531, 3673
List the prime factors of 333640962.
2, 3, 18535609
What are the prime factors of 5660767470?
2, 3, 5, 19, 9931171
List the prime factors of 139361478.
2, 3, 17, 1366289
List the prime factors of 795393212.
2, 17, 1213, 9643
List the prime factors of 15523322.
2, 7761661
List the prime factors of 410583666.
2, 3, 1451, 47161
What are the prime factors of 537015299?
37, 14513927
List the prime factors of 2166179540.
2, 5, 7, 61, 253651
What are the prime factors of 646421203?
131, 4934513
List the prime factors of 51190115.
5, 10238023
List the prime factors of 47697469.
23, 239, 8677
What are the prime factors of 182616194?
2, 91308097
What are the prime factors of 556478316?
2, 3, 593, 8689
List the prime factors of 70736590.
2, 5, 67, 71, 1487
List the prime factors of 2897874082.
2, 1448937041
What are the prime factors of 568367068?
2, 83, 1711949
List the prime factors of 5951373175.
5, 11, 17, 1273021
What are the prime factors of 343690550?
2, 5, 7, 83, 11831
List the prime factors of 1367665602.
2, 3, 4673, 48779
List the prime factors of 14659729.
7, 17, 123191
List the prime factors of 111811738.
2, 313, 178613
What are the prime factors of 73843108?
2, 83, 222419
List the prime factors of 1280960144.
2, 80060009
What are the prime factors of 338811953?
338811953
What are the prime factors of 1204706?
2, 193, 3121
What are the prime factors of 83931355?
5, 37, 453683
What are the prime factors of 81292433?
241, 337313
What are the prime factors of 14275264?
2, 223051
What are the prime factors of 316438434?
2, 3, 13, 450767
List the prime factors of 1231577672.
2, 13, 31, 382003
List the prime factors of 21032696.
2, 19, 138373
List the prime factors of 2366717142.
2, 3, 394452857
What are the prime factors of 2047645501?
11, 5651, 32941
List the prime factors of 1482588205.
5, 7, 42359663
List the prime factors of 602699960.
2, 5, 15067499
List the prime factors of 298438193.
298438193
What are the prime factors of 600151010?
2, 5, 31, 151, 12821
List the prime factors of 177763024.
2, 47, 236387
List the prime factors of 698430965.
5, 113, 1236161
What are the prime factors of 2097943790?
2, 5, 271, 774149
List the prime factors of 414136252.
2, 17, 23, 264793
List the prime factors of 865523454.
2, 3, 19, 7592311
What are the prime factors of 554852789?
89, 419, 14879
What are the prime factors of 232257314?
2, 79, 1469983
List the prime factors of 59228945.
5, 11845789
What are the prime factors of 76037025?
3, 5, 1013827
What are the prime factors of 1463493568?
2, 577, 39631
List the prime factors of 1059111321.
3, 2099, 168193
List the prime factors of 21266191.
23, 924617
What are the prime factors of 960718902?
2, 3, 11, 13, 29, 38611
List the prime factors of 58982702.
2, 157, 187843
List the prime factors of 55590655.
5, 23, 483397
What are the prime factors of 667502860?
2, 5, 29, 1150867
List the prime factors of 722337058.
2, 9173, 39373
List the prime factors of 109463749.
109463749
What are the prime factors of 363951469?
7, 97, 10939
What are the prime factors of 1156413859?
659, 1754801
What are the prime factors of 222001268?
2, 55500317
What are the prime factors of 90346511?
313, 288647
What are the prime factors of 2189262172?
2, 547315543
What are the prime factors of 57437907?
3, 19145969
What are the prime factors of 2708173?
13, 41, 5081
List the prime factors of 247945100.
2, 5, 13, 89, 2143
List the prime factors of 1924083289.
43, 61, 727, 1009
List the prime factors of 411611045.
5, 1021, 80629
What are the prime factors of 139589974?
2, 37, 1886351
List the prime factors of 1262422824.
2, 3, 13, 1237, 3271
List the prime factors of 466755136.
2, 59, 71, 1741
What are the prime factors of 4404403598?
2, 7, 41, 277, 27701
List the prime factors of 458292329.
11, 61, 197, 3467
List the prime factors of 840901801.
83, 269, 37663
What are the prime factors of 137547315?
3, 5, 37, 67, 137
List the prime factors of 878501490.
2, 3, 5, 1229, 23827
List the prime factors of 1232824351.
11, 89, 114479
What are the prime factors of 817628981?
13, 73, 431, 1999
What are the prime factors of 39223393?
11, 83, 42961
List the prime factors of 2281814061.
3, 23, 33069769
What are the prime factors of 531227774?
2, 7, 11, 3449531
What are the prime factors of 4631962092?
2, 3, 31, 3257, 3823
What are the prime factors of 133855691?
263, 508957
What are the prime factors of 2585252413?
859, 30